is c(-4)?
-31
Let q(w) = 4*w**3 - 10*w**2 + 3*w + 14. What is q(5)?
279
Let k(o) = 20*o - 153. Calculate k(9).
27
Let k(p) = p**3 + p**2 - 4*p + 8. Calculate k(4).
72
Let v(i) = -1630*i + 55427. What is v(34)?
7
Let s(z) = z**2 + 295*z + 15122. Determine s(-229).
8
Let n(w) = 2*w**3 - 38*w**2 + 29*w + 128. Give n(18).
2
Let j(o) = -o**3 + 8*o**2 + 15*o - 109. What is j(8)?
11
Let j(i) = 505*i + 21745. What is j(-43)?
30
Let o(k) = -22*k**2 + 104*k - 5. What is o(5)?
-35
Let a(k) = -k**3 - 15*k**2 - 8*k + 90. What is a(-14)?
6
Let j(m) = -m**3 - 9*m**2 - 12*m + 25. Determine j(-8).
57
Let d(m) = -12*m**2 + 12*m + 1. Calculate d(-1).
-23
Let y(a) = 2*a**3 - 54*a**2 + 49*a - 152. Calculate y(26).
-230
Let w(d) = -3*d**2 + 20*d - 37. Calculate w(8).
-69
Let u(n) = -n**3 + 8*n**2 + 44*n + 8. What is u(12)?
-40
Let s(g) = -g**3 + 63*g**2 - 752*g + 28. Determine s(47).
28
Let l(j) = -j + 76. Give l(24).
52
Let d(k) = -k**2 + 24*k - 2. Calculate d(23).
21
Let f(b) = 25*b + 69. Give f(-9).
-156
Let y(m) = 6509*m + 58591. Give y(-9).
10
Let v(r) = -11*r**3 + 4*r**2 - 2*r + 7. Calculate v(2).
-69
Let u(j) = -9*j - 294. Calculate u(-43).
93
Let x(j) = 171*j - 6229. What is x(36)?
-73
Let k(z) = -17*z**2 + 178*z - 715. Calculate k(4).
-275
Let p(h) = -90*h - 8999. Determine p(-100).
1
Let t(f) = 68*f**3 + 3*f**2 + 20*f + 18. Give t(-1).
-67
Let a(d) = 43*d + 416. Calculate a(-6).
158
Let k(q) = -24*q**2 + 19*q - 58. Give k(3).
-217
Let i(s) = -3*s**3 - 12*s**2 + 24*s + 76. Give i(3).
-41
Let d(i) = -i**2 + 29*i + 245. Determine d(-7).
-7
Let q(d) = -d**3 + 16*d**2 + 14*d - 230. What is q(16)?
-6
Let w(x) = -11*x + 276. Determine w(45).
-219
Let k(i) = -2409*i + 24077. Calculate k(10).
-13
Let j(a) = -a**3 + 8*a**2 + 8*a - 53. Calculate j(3).
16
Let w(r) = 208*r + 252. Determine w(-1).
44
Let s(a) = -a**2 + 20*a + 19. Give s(19).
38
Let i(x) = 66*x - 1. Calculate i(-8).
-529
Let q(i) = -3*i**3 + 12*i**2 + 130*i - 27. Calculate q(-5).
-2
Let h(f) = 2844*f - 17068. Calculate h(6).
-4
Let m(j) = -5*j**3 + 24*j**2 + 4*j + 15. What is m(5)?
10
Let l(t) = 46*t + 1129. Determine l(-27).
-113
Let d(l) = l**3 + 8*l**2 - 55*l + 31. What is d(4)?
3
Let x(q) = -q**3 + 4*q**2 + 12*q + 110. Determine x(6).
110
Let v(l) = 28*l - 683. Determine v(26).
45
Let f(w) = 3*w**2 - 52*w + 282. Determine f(8).
58
Let s(t) = -t**3 + 19*t**2 - 26*t + 923. Give s(20).
3
Let g(d) = d**3 + 19*d**2 + 17*d - 198. What is g(-17)?
91
Let k(u) = 3330*u - 29950. Give k(9).
20
Let y(x) = -243*x**3 - x**2 + 7*x - 5. Determine y(1).
-242
Let k(a) = 1373*a + 6750. What is k(-5)?
-115
Let j(x) = 828*x + 13253. Determine j(-16).
5
Let k(d) = 2*d**2 + 8*d - 67. What is k(-11)?
87
Let a(s) = 20*s**2 + 199*s + 14. Give a(-10).
24
Let z(x) = -2*x**2 - 39*x + 65. Determine z(-21).
2
Let t(a) = a**2 - 31*a - 262. What is t(-7)?
4
Let a(x) = -x**2 - 10*x + 7. Calculate a(2).
-17
Let f(s) = -28*s + 747. Determine f(56).
-821
Let j(z) = -6*z**2 - 35*z - 33. Determine j(-5).
-8
Let i(k) = -k**3 - 7*k**2 + 15*k + 62. Calculate i(-8).
6
Let c(a) = a**3 - 4*a**2 + 5*a + 5. Calculate c(4).
25
Let y(v) = 82*v + 238. Determine y(-3).
-8
Let q(l) = -40*l**3 - 4*l**2 - 21*l + 26. Calculate q(1).
-39
Let p(i) = -i**2 + 33*i - 1. Give p(21).
251
Let d(y) = -y**2 - 42*y + 478. Determine d(-51).
19
Let x(q) = -15*q - 678. Determine x(-41).
-63
Let c(y) = -y**3 + 192*y**2 + 406*y - 3494. Give c(194).
-2
Let s(r) = 4*r**2 + 222*r + 296. Give s(-53).
-234
Let j(m) = -m**3 - 42*m**2 + 36*m - 345. Give j(-43).
-44
Let d(p) = 2*p**3 + 312*p**2 + 916*p - 296. Determine d(-153).
10
Let m(l) = -43*l**2 - 475*l - 8. Calculate m(-11).
14
Let t(l) = -l**3 + 90*l**2 - 93*l + 218. What is t(89)?
-138
Let q(w) = -39*w + 1843. What is q(47)?
10
Let s(n) = -n**3 + 259*n**2 + 1316*n - 10. Calculate s(-5).
10
Let x(d) = -10*d**3 - 99*d**2 + 192*d + 5. Give x(2).
-87
Let m(b) = 345*b - 12. Give m(-1).
-357
Let w(a) = 78*a + 304. Calculate w(-4).
-8
Let q(o) = -3*o**3 + 17*o**2 - 14*o + 129. Give q(6).
9
Let x(m) = 13*m**3 + 27*m**2 - m - 10. Calculate x(-2).
-4
Let o(z) = z**2 + 19*z - 226. Determine o(-26).
-44
Let b(u) = -3*u**2 + 87*u - 502. What is b(8)?
2
Let p(d) = -2*d**3 + 6*d + 13. What is p(-4)?
117
Let k(z) = -328*z + 2972. Calculate k(9).
20
Let r(n) = n**3 - 3*n**2 + 137*n - 399. Calculate r(3).
12
Let q(v) = 7*v**2 + 22*v - 23. Give q(-6).
97
Let g(l) = -159*l + 1280. Determine g(8).
8
Let w(p) = p**3 + 21*p**2 - 10*p. What is w(-22)?
-264
Let s(k) = k**3 - 15*k**2 + 4*k - 20. Calculate s(15).
40
Let i(j) = 3*j**2 - 96*j + 387. What is i(28)?
51
Let o(v) = -4*v - 236. Calculate o(-59).
0
Let z(h) = -15*h - 3339. Give z(-219).
-54
Let f(q) = -6*q**3 + 20*q**2 + 159*q + 4. What is f(7)?
39
Let j(t) = -t**2 + 26*t - 108. Determine j(5).
-3
Let x(m) = m**2 - 33*m + 206. Determine x(26).
24
Let u(y) = -y**2 - 55*y - 1169. Calculate u(-43).
-653
Let r(j) = -9*j + 30. Give r(11).
-69
Let t(p) = -2*p**2 - 28*p - 2. What is t(0)?
-2
Let p(g) = 26*g**2 + 113*g - 233. Give p(2).
97
Let v(l) = -l**2 + 57*l + 61. Give v(-1).
3
Let o(v) = 59*v**2 + 40*v + 35. Determine o(-1).
54
Let z(x) = 142*x - 9. Determine z(-3).
-435
Let i(v) = -492*v - 6375. Determine i(-13).
21
Let y(n) = -94*n - 11. What is y(3)?
-293
Let n(t) = -141*t**2 - 15*t + 15. Calculate n(1).
-141
Let d(y) = -4*y**3 + 69*y**2 - 79*y + 1018. Give d(17).
-36
Let l(f) = 100*f - 3718. What is l(37)?
-18
Let g(n) = n**3 - 9*n**2 - 10*n - 109. What is g(12)?
203
Let r(w) = 97*w**2 - 29*w + 64. Determine r(3).
850
Let z(h) = h**2 - 98*h + 1115. Determine z(85).
10
Let d(a) = 246*a - 4612. What is d(19)?
62
Let l(v) = -4*v**2 + 105*v - 208. Give l(24).
8
Let o(w) = -6*w**2 + 11*w + 8. What is o(6)?
-142
Let c(q) = -146*q - 1466. Determine c(-10).
-6
Let l(z) = 16*z**2 + 16*z - 60. Give l(-4).
132
Let t(h) = 252*h + 23681. Calculate t(-94).
-7
Let p(l) = l**3 - 62*l**2 + 256*l - 8155. Determine p(60).
5
Let v(m) = 13*m + 119. What is v(-10)?
-11
Let u(p) = -2*p**3 + 31*p**2 - 40*p + 8. What is u(15)?
-367
Let v(j) = 1254*j + 21314. What is v(-17)?
-4
Let t(k) = k**2 + 2939*k + 23458. What is t(-8)?
10
Let w(v) = 415*v**2 - 1232*v - 54. Determine w(3).
-15
Let q(f) = -f**3 - 67*f**2 - 616*f + 160. Calculate q(-56).
160
Let q(r) = -28*r - 1245. What is q(-44)?
-13
Let r(u) = 2*u**2 - 36*u - 481. Calculate r(27).
5
Let m(h) = -h**2 + 38*h - 170. Determine m(5).
-5
Let d(l) = 4*l**3 - 23*l**2 - 2*l - 6. Determine d(6).
18
Let i(p) = 10*p**3 + 5*p**2 + 2*p - 4. What is i(-2)?
-68
Let z(o) = -1473*o - 1457. Determine z(-1).
16
Let p(y) = -58*y**3 + 465*y**2 - 9*y + 14. What is p(8)?
6
Let k(v) = 2*v**2 - 15*v - 1295. Calculate k(-22).
3
Let r(l) = -6*l - 137. Determine r(-5).
-107
Let x(h) = -297*h + 30931. What is x(104)?
43
Let x(t) = -t**3 - 25*t**2 + 25*t - 16. What is x(-26)?
10
Let j(a) = -4*a**3 + 5*a**2 - 5*a + 12. Give j(4).
-184
Let s(i) = 265*i + 10895. Determine s(-41).
30
Let l(u) = -u**2 - 7*u + 8. Give l(1).
0
Let m(r) = 441*r - 3485. Calculate m(8).
43
Let k(u) = -22*u - 2404. Give k(-109).
-6
Let i(l) = -11*l + 250. What is i(20)?
30
Let c(s) = s**3 + 28*s**2 + 12*s - 171. What is c(-27)?
234
Let z(q) = 130*q - 140. Calculate z(-4).
-660
Let s(c) = 4*c - 180. Give s(28).
-68
Let q(y) = 12*y + 866. Calculate q(-70).
26
Let u(n) = n**3 - n**2 - 92*n - 5. Calculate u(-7).
247
Let v(x) = x**3 - 121*x**2 - 629*x - 132. Determine v(126).
-6
Let s(y) = -3*y + 56. What is s(23)?
-13
Let p(o) = -2*o**3 - 2*o**2 + 81*o - 149. Determine p(2).
-11
Let y(b) = b**3 - 41*b**2 + 31*b + 81. Give y(40).
-279
Let q(c) = -238*c - 4053. Determine q(-17).
-7
Let z(c) = -c**3 + 157*c**2 - 3292*c - 1072. Give z(132).
-16
Let s(i) = -2*i**3 - 50*i**2 - 40*i + 46. What is s(-24)?
-146
Let o(g) = g**3 - 58*g**2 - 10*g + 510. What is o(58)?
-70
Let a(i) = -10*i - 178. Determine a(7).
-248
Let z(t) = -t**2 - 18*t + 298. Give z(12).
-62
Let b(v) = -v**2 + 7*v + 565. Give b(28).
-23
Let w(h) = 33*h + 51. Calculate w(-8).
-213
Let s(n) = -n**2 + n - 4. Determine s(0).
-4
Let v(r) = 8*r + 41. What is v(-2)?
25
Let j(x) = -388*x - 1536. What is j(-4)?
16
Let d(w) = -w - 52. Calculate d(-14).
-38
Let u(h) = -h**2 + 26*h + 8. What is u(20)?
128
Let n(y) = 387*y - 13153. Give n(34).
5
Let n(v) = v**3 - 